030 and 25462.
58
What is the highest common divisor of 57 and 4228545?
57
Calculate the highest common factor of 2 and 1416398.
2
Calculate the greatest common factor of 532 and 5196.
4
What is the highest common factor of 844116 and 42?
42
Calculate the greatest common divisor of 964 and 62901.
241
What is the highest common divisor of 765 and 1635?
15
Calculate the greatest common divisor of 11664 and 42.
6
Calculate the highest common divisor of 642 and 115146.
6
Calculate the highest common factor of 1068 and 397652.
356
What is the greatest common divisor of 92626 and 348?
58
Calculate the greatest common factor of 4538210 and 116.
58
Calculate the highest common factor of 142 and 13604.
2
Calculate the greatest common factor of 3591 and 59859.
27
Calculate the greatest common divisor of 1088 and 127976.
136
What is the highest common factor of 2112401 and 2774?
1387
What is the greatest common factor of 5585191 and 239?
239
What is the highest common factor of 6555 and 1235?
95
Calculate the highest common divisor of 50560 and 432.
16
Calculate the greatest common factor of 83610 and 60.
30
What is the highest common factor of 3168 and 5346?
198
Calculate the highest common divisor of 988 and 17860.
76
Calculate the highest common divisor of 3365143 and 31.
31
What is the highest common divisor of 1225 and 21805?
245
What is the greatest common factor of 10776 and 120?
24
Calculate the greatest common divisor of 132 and 187242.
66
What is the highest common factor of 221880 and 300?
60
What is the greatest common factor of 65920 and 4224?
128
Calculate the highest common factor of 351 and 5811.
39
Calculate the highest common divisor of 182 and 25207.
91
Calculate the highest common factor of 71680 and 2016.
224
What is the highest common factor of 244 and 351238?
122
Calculate the highest common factor of 1012 and 319.
11
Calculate the greatest common divisor of 45 and 414135.
45
What is the highest common factor of 31205 and 2?
1
Calculate the greatest common factor of 203325 and 225.
75
Calculate the highest common divisor of 924 and 1823514.
462
What is the greatest common divisor of 24900 and 36?
12
Calculate the highest common factor of 2215696 and 84.
28
What is the highest common factor of 2651187 and 1449?
483
What is the highest common divisor of 183 and 42639?
183
What is the highest common divisor of 9 and 4546683?
9
What is the highest common factor of 1068838 and 25162?
1094
Calculate the highest common factor of 486 and 332667.
243
Calculate the greatest common divisor of 1023 and 5549.
31
What is the greatest common divisor of 136 and 304402?
34
Calculate the highest common factor of 251110 and 60.
10
Calculate the greatest common divisor of 38835 and 180.
45
What is the highest common factor of 708308 and 92?
92
Calculate the greatest common factor of 4 and 286372.
4
Calculate the highest common divisor of 267812 and 426.
142
What is the highest common divisor of 355557 and 897?
69
Calculate the highest common divisor of 5 and 3072655.
5
What is the greatest common divisor of 72 and 924?
12
Calculate the highest common divisor of 22999 and 6431.
109
Calculate the highest common factor of 22 and 461714.
22
What is the greatest common factor of 3857 and 725319?
203
What is the highest common factor of 1860 and 510?
30
Calculate the highest common divisor of 150 and 299550.
150
What is the highest common factor of 567 and 3031?
7
What is the greatest common factor of 338 and 2191254?
338
What is the greatest common divisor of 235039 and 350?
7
What is the highest common divisor of 1 and 15707?
1
What is the greatest common factor of 201664 and 828?
92
What is the highest common divisor of 80 and 65725?
5
Calculate the highest common divisor of 48 and 234792.
24
Calculate the greatest common factor of 1728207 and 13.
13
Calculate the highest common divisor of 13344 and 1548.
12
What is the greatest common factor of 146 and 30514?
146
Calculate the greatest common factor of 13 and 421811.
13
Calculate the greatest common factor of 53843 and 1541.
23
What is the highest common factor of 24 and 138396?
12
Calculate the highest common factor of 102 and 84894.
6
Calculate the greatest common divisor of 17381 and 377.
13
Calculate the highest common divisor of 60 and 63860.
20
What is the highest common factor of 13213 and 1267?
181
What is the highest common factor of 1287518 and 517?
47
What is the highest common divisor of 40 and 170540?
20
Calculate the greatest common divisor of 1278 and 3692.
142
What is the highest common factor of 384 and 6348?
12
What is the highest common factor of 264 and 92334?
66
Calculate the greatest common divisor of 15533 and 2156.
49
What is the greatest common factor of 695 and 255?
5
What is the greatest common divisor of 5045 and 5?
5
Calculate the greatest common divisor of 3 and 2969.
1
What is the highest common divisor of 1728 and 509976?
216
What is the greatest common divisor of 69871 and 90767?
653
Calculate the highest common factor of 67446 and 2700.
54
What is the highest common divisor of 59816 and 184?
8
What is the greatest common factor of 5760 and 6030?
90
What is the highest common factor of 936 and 3048?
24
Calculate the greatest common factor of 197 and 276194.
197
Calculate the greatest common factor of 11 and 115511.
11
Calculate the greatest common divisor of 1036 and 93388.
148
What is the highest common factor of 56 and 498918?
14
Calculate the greatest common factor of 264 and 2794.
22
What is the greatest common factor of 119 and 434367?
17
What is the highest common divisor of 940730 and 16198?
1246
Calculate the highest common factor of 2005065 and 2295.
765
Calculate the greatest common factor of 4485 and 858.
39
What is the highest common factor of 902 and 1138?
2
What is the greatest common divisor of 53029 and 1520?
19
Calculate the greatest common divisor of 21 and 169456.
7
What is the highest common factor of 15330 and 42486?
438
Calculate the highest common divisor of 1820 and 4277.
91
What is the highest common factor of 1230 and 498?
6
Calculate the highest common factor of 343 and 930657.
49
What is the greatest common divisor of 140 and 237335?
35
Calculate the highest common divisor of 2154 and 90.
6
What is the highest common divisor of 360 and 14650?
10
Calculate the highest common factor of 630 and 56910.
210
What is the greatest common factor of 7215 and 390?
195
Calculate the highest common divisor of 398931 and 1378.
689
What is the highest common factor of 389145 and 15?
15
What is the greatest common factor of 34888 and 246568?
392
Calculate the greatest common divisor of 5137 and 101806.
467
Calculate the highest common divisor of 50373 and 7527.
579
What is the greatest common factor of 21120 and 31872?
384
What is the greatest common factor of 2508 and 12749?
209
Calculate the greatest common divisor of 25694 and 2146.
58
What is the greatest common divisor of 1638 and 7826?
182
What is the greatest common factor of 29790 and 360?
90
Calculate the highest common factor of 385 and 767515.
35
What is the greatest common factor of 25424 and 46308?
908
What is the greatest common factor of 2448 and 2571624?
1224
What is the highest common divisor of 137959 and 3699?
137
Calculate the highest common divisor of 455 and 1539720.
455
What is the greatest common divisor of 83997 and 536922?
1647
Calculate the greatest common divisor of 139812 and 15738.
366
What is the greatest common factor of 5888 and 18944?
256
Calculate the highest common divisor of 92979 and 441.
9
What is the greatest common divisor of 258243 and 354?
177
What is the greatest common divisor of 1450 and 39350?
50
Calculate the greatest common divisor of 696 and 131592.
24
Calculate the greatest common factor of 122 and 1478.
2
What is the highest common factor of 1440 and 23535?
45
Calculate the highest common factor of 16020 and 68.
4
Calculate the highest common divisor of 6200 and 7936.
248
What is the greatest common divisor of 101 and 15391289?
101
Calculate the greatest common divisor of 12 and 1772.
4
Calculate the highest common divisor of 12788 and 6716.
92
Calculate the highest common factor of 122655 and 11951.
629
What is the greatest common divisor of 6157 and 3